235 a multiple of 85?
True
Is 425980 a multiple of 134?
False
Does 13 divide 1733095?
True
Is 302 a factor of 103614?
False
Is 62 a factor of 37674?
False
Is 10 a factor of 57899?
False
Is 95 a factor of 235814?
False
Does 12 divide 207960?
True
Is 15367743 a multiple of 26?
False
Is 587 a factor of 7120177?
False
Does 262 divide 277196?
True
Does 12 divide 8135767?
False
Is 1721174 a multiple of 91?
True
Is 273 a factor of 544362?
True
Is 11 a factor of 26887?
False
Does 29 divide 439205?
True
Is 177 a factor of 2132142?
True
Is 25 a factor of 290808?
False
Does 25 divide 351136?
False
Is 41 a factor of 425241?
False
Is 11426868 a multiple of 606?
False
Is 504 a factor of 301896?
True
Does 23 divide 37857?
False
Does 107 divide 465139?
False
Is 401 a factor of 180049?
True
Does 254 divide 5357876?
True
Is 6542400 a multiple of 80?
True
Is 4 a factor of 796765?
False
Does 97 divide 3681732?
True
Does 24 divide 240?
True
Is 214484 a multiple of 120?
False
Does 285 divide 547250?
False
Is 395 a factor of 2959340?
True
Does 4 divide 64909?
False
Is 116 a factor of 10667458?
False
Is 11679 a multiple of 16?
False
Is 262 a factor of 812224?
False
Is 81 a factor of 98577?
True
Does 11 divide 298298?
True
Is 24 a factor of 88664?
False
Does 6 divide 155606?
False
Does 393 divide 814710?
False
Is 12 a factor of 7656?
True
Is 6822802 a multiple of 535?
False
Is 37652 a multiple of 17?
False
Is 205 a factor of 8411497?
False
Is 437 a factor of 1081575?
True
Is 24 a factor of 259392?
True
Is 1225840 a multiple of 77?
True
Is 272 a factor of 116833?
False
Is 2961854 a multiple of 98?
True
Is 5 a factor of 393010?
True
Is 19 a factor of 49324?
True
Does 16 divide 1526704?
True
Does 91 divide 23825347?
True
Does 54 divide 41370?
False
Is 1562 a factor of 8026203?
False
Does 24 divide 179328?
True
Is 5204277 a multiple of 161?
False
Does 92 divide 3381076?
False
Is 2754183 a multiple of 28?
False
Is 26 a factor of 3198959?
False
Is 392 a factor of 4897256?
True
Does 100 divide 44885?
False
Is 328 a factor of 5810315?
False
Does 9 divide 542745?
True
Does 827 divide 419289?
True
Is 1472692 a multiple of 892?
True
Does 390 divide 1642680?
True
Is 2378614 a multiple of 131?
False
Is 63 a factor of 58605?
False
Does 15 divide 11716919?
False
Does 75 divide 5909627?
False
Does 12 divide 186004?
False
Is 36 a factor of 16093440?
True
Is 37 a factor of 175011?
False
Is 34 a factor of 1243822?
True
Is 141 a factor of 852970?
False
Does 260 divide 150005?
False
Is 396497 a multiple of 633?
False
Is 10 a factor of 2295520?
True
Is 16 a factor of 11682?
False
Does 43 divide 71466?
True
Is 126 a factor of 5798762?
False
Is 1279117 a multiple of 7?
True
Is 101 a factor of 26765?
True
Is 574371 a multiple of 134?
False
Does 733 divide 224298?
True
Is 3471 a multiple of 83?
False
Is 507546 a multiple of 6?
True
Does 9 divide 24768?
True
Does 423 divide 861228?
True
Is 1067 a factor of 12971519?
True
Is 1998013 a multiple of 77?
False
Does 211 divide 1986354?
True
Is 654100 a multiple of 31?
True
Does 480 divide 1378560?
True
Is 101661 a multiple of 155?
False
Does 254 divide 1170432?
True
Does 9 divide 499104?
True
Is 372604 a multiple of 50?
False
Does 118 divide 32733508?
False
Does 21 divide 1942167?
False
Is 7 a factor of 856079?
True
Is 14 a factor of 169250?
False
Does 63 divide 1537580?
False
Does 418 divide 198968?
True
Is 10904 a multiple of 47?
True
Does 221 divide 796281?
False
Is 4 a factor of 12900?
True
Is 210 a factor of 55259?
False
Is 380 a factor of 51844?
False
Does 6 divide 1350186?
True
Is 8579 a multiple of 168?
False
Does 84 divide 614712?
True
Is 3 a factor of 19419?
True
Does 186 divide 477582?
False
Is 5603730 a multiple of 55?
True
Does 216 divide 496745?
False
Is 2060495 a multiple of 14?
False
Does 17 divide 1177536?
False
Is 42 a factor of 1780506?
True
Is 194852 a multiple of 14?
True
Is 356 a factor of 4398380?
True
Is 479700 a multiple of 225?
True
Is 24994 a multiple of 29?
False
Is 74 a factor of 3388368?
False
Is 22632 a multiple of 71?
False
Does 13 divide 1112549?
False
Is 21534 a multiple of 3?
True
Is 11 a factor of 4865685?
True
Does 19 divide 457044?
False
Is 1187728 a multiple of 8?
True
Is 279395 a multiple of 81?
False
Is 134 a factor of 257161?
False
Is 16 a factor of 1852782?
False
Is 189270 a multiple of 9?
True
Is 14897 a multiple of 27?
False
Does 129 divide 113778?
True
Is 17 a factor of 119493?
True
Is 17516697 a multiple of 1889?
True
Is 148989 even?
False
Is 736418 a multiple of 43?
True
Is 8154 a multiple of 40?
False
Is 13199980 a multiple of 52?
False
Does 23 divide 16242350?
False
Does 83 divide 290666?
True
Is 65 a factor of 1567688?
False
Is 18 a factor of 104968?
False
Is 33947 even?
False
Is 355658 a multiple of 55?
False
Is 1626 a factor of 16656709?
False
Does 423 divide 146978?
False
Is 1925157 a multiple of 113?
False
Is 1158139 a multiple of 341?
False
Is 108415 a multiple of 37?
False
Is 46 a factor of 1413994?
True
Is 187 a factor of 58658?
False
Does 2388 divide 18750576?
True
Is 569736 a multiple of 24?
True
Is 11284 a multiple of 57?
False
Does 82 divide 237554?
True
Is 20144258 a multiple of 29?
False
Is 150 a factor of 5869500?
True
Does 439 divide 2285295?
False
Is 2881752 a multiple of 188?
False
Does 124 divide 231508?
True
Does 10 divide 89702?
False
Does 287 divide 5299455?
True
Is 26355 a multiple of 64?
False
Is 3905573 a multiple of 157?
False
Does 10 divide 159549?
False
Does 4 divide 4189?
False
Does 142 divide 549682?
True
Is 8 a factor of 1845040?
True
Does 144 divide 1954729?
False
Is 25 a factor of 252175?
True
Does 29 divide 1090342?
True
Does 10 divide 205681?
False
Does 41 divide 938046?
False
Is 736 a factor of 590044?
False
Is 72 a factor of 242116?
False
Is 47 a factor of 4923109?
True
Is 18 a factor of 92376?
True
Is 2324570 a multiple of 139?
False
Is 640 a factor of 11636480?
True
Does 20 divide 179220?
True
Is 3792712 a multiple of 11?
True
Does 11 divide 1935001?
False
Is 8719 a multiple of 38?
False
Does 579 divide 401826?
True
Is 254 a factor of 348538?
False
Is 168 a factor of 44915?
False
Does 5 divide 2519295?
True
Is 8 a factor of 162231?
False
Does 84 divide 79884?
True
Is 7 a factor of 122773?
True
Is 462 a factor of 6091932?
True
Does 264 divide 891792?
True
Does 47 divide 244635?
True
Does 665 divide 411635?
True
Does 2 divide 9715?
False
Does 161 divide 885941?
False
Does 39 divide 1312233?
True
Is 336 a factor of 251328?
True
Is 67989 a multiple of 260?
False
Is 99143 a multiple of 6?
False
Is 764437 a multiple of 58?
False
Does 58 divide 2199592?
True
Is 36 a factor of 1404864?
True
Is 567259 a multiple of 213?
False
Does 16 divide 97556?
False
Does 139 divide 336658?
True
Is 17 a factor of 673421?
True
Is 365 a factor of 1538583?
False
Is 175 a factor of 390661?
False
Does 7 divide 363106?
False
Is 8746932 a multiple of 141?
False
Is 171666 a multiple of 289?
True
Is 872 a factor of 2060536?
True
Does 2 divide 370777?
False
Does 3 divide 3718840?
False
Is 77 a factor of 1748627?
False
Is 1003 a factor of 6502449?
True
Is 132 a factor of 237754?
False
Is 100350 a multiple of 9?
True
Is 14704 a multiple of 3?
False
Is 219328 a multiple of 32?
True
Is 211824 a multiple of 9?
True
Is 6 a factor of 29412?
True
Does 4 divide 153560?
True
Does 45 divide 5122812?
False
Is 10 a factor of 465090?
True
Is 4 a factor of 1174772?
True
Does 3 divide 29737?
False
Is 14 a factor of 2212?
True
Is 638873 a multiple of 193?
False
Is 3418024 a multiple of 113?
True
Does 44 divide 10362162?
False
Is 297822 a multiple of 6?
True
Is 2907898 a multiple of 226?
False
Is 21922238 a multiple of 398?
True
Does 15 divide 26490?
True
Does 34 divide 12761?
False
Is 184 a factor of 1261320?
True
Is 205321 a multiple of 79?
True
Is 28 a factor of 3232043?
False
Is 81 a factor of 10157157?
True
Is 58856 a multiple of 96?
False
Is 17 a factor of 3731071?
False
Is 632740 a multiple of 285?
False
Is 6 a factor of 7439?
False
Is 519806 a multiple of 51?
False
Is 122 a factor of 691740?
True
Is 1074 a factor of 440668?
False
Is 3119580 a multiple of 570?
False
Is 1433 a factor of 1511596?
False
Does 84 divide 1946112?
True
Is 27 a factor of 29007?
False
Does 7 divide 213323?
False
Does 14 divide